)/(1/(-4)). Suppose -5*c - 25 = -j*v, 2*v + 50 = 5*v + 4*c. Let o be (3 - 3) + 111 + -1. Calculate the greatest common factor of o and v.
10
Let u be (-3)/6*0/(-3). Let g be (-20 + u)/((-6)/9). Suppose -4*s = -g - 6. Calculate the highest common divisor of 9 and s.
9
Suppose 6*a + 55 - 211 = 0. Calculate the highest common factor of 26 and a.
26
Suppose 4*a = 65 + 15. Suppose 77 - 17 = 2*t. Calculate the greatest common divisor of a and t.
10
Let o = -4 - -6. Suppose 0 = 2*s - 2 - 2. Suppose 3*m - 30 = -s*m. Calculate the greatest common factor of m and o.
2
Suppose -4*t - t = -5. Calculate the greatest common divisor of 1 and t.
1
Let o = 5 - -19. Let d = 28 - -32. Calculate the greatest common divisor of d and o.
12
Let p = 111 + -79. Calculate the greatest common divisor of 224 and p.
32
Suppose 0 = 2*f - f - 2. What is the greatest common factor of 8 and f?
2
Suppose 5*m = 171 - 51. Calculate the greatest common divisor of 3 and m.
3
Let l = -168 - -182. Calculate the greatest common divisor of l and 126.
14
Suppose -2*m - i = -78, 5*i - i = 4*m - 156. Calculate the highest common factor of 13 and m.
13
Let n = -75 + 160. Suppose -6*a + 11*a - n = 0. Let l be (-2)/8 - (-2725)/20. Calculate the highest common divisor of a and l.
17
Suppose 2*i + 224 = 6*i. Calculate the greatest common divisor of i and 14.
14
Suppose 0 = 5*n - 2*u - 19, n - 3*u + 3 = -1. Suppose -2*y + y = -n*k - 24, -3*y = -5*k - 52. What is the greatest common factor of 7 and y?
7
Let u(f) = -3*f - 3. Let k be u(-4). Let a = 0 + k. Let t = 50 - -13. Calculate the greatest common divisor of t and a.
9
Let u = 5 + -5. Let x be u + -1 + 4*2. Suppose -x = a - 2*a. Calculate the greatest common factor of 7 and a.
7
Suppose -c = -13 + 2. What is the highest common divisor of 22 and c?
11
Suppose 2*j - 6 = 2. Let p(b) = 19*b + 5. Let a be p(j). Let n be 2 + 9 + 0 + -2. What is the greatest common divisor of a and n?
9
Let l(g) = g**3 - 7*g**2 + 3*g + 7. Let c be l(6). Let s be 6/33 - 878/c. What is the highest common divisor of s and 10?
10
Let z(p) = -25*p - 9. Let g be z(-12). Let a = g - 201. What is the highest common factor of 18 and a?
18
Suppose -3*b = 3*p - 34 - 239, -5*b - 249 = -3*p. Calculate the greatest common divisor of p and 8.
8
Let b(i) = i**3 - 9*i**2 + 9*i - 6. Let x be b(8). Suppose m + 28 = 3*n, -n + x*m = 7*m - 4. What is the greatest common divisor of 81 and n?
9
Suppose i - 5*i = 4. Let q be 0 + 29 + (i - 0). Calculate the greatest common divisor of q and 7.
7
Let v(q) = 5*q - 5. Let f be v(7). Let w be 6/(-4)*6/1. Let d = f + w. Calculate the greatest common divisor of 21 and d.
21
Suppose -2*g - 195 = -6*g - 5*c, -3*c + 197 = 4*g. Let o be 13 + 2*-1 + 7 + -8. Calculate the highest common divisor of o and g.
10
Let l(i) = -i**2 - i + 26. Let d(n) = n + 5. Let c be d(-5). Let w be l(c). Calculate the greatest common divisor of 182 and w.
26
Let r(i) = i**2 - 6*i - 7. Let q be r(7). Suppose -s + q*s + 1 = 0. Let u be s/((6/(-20))/(-3)). What is the highest common factor of u and 70?
10
Let k be 3/(-2) + (-91)/(-26). Let j be (2/(-5))/(4/(-220)). Calculate the greatest common factor of j and k.
2
Let u(i) = 3*i**3. Let n be u(1). Let v(b) = -b**2 + 4*b + 3. Let f = -4 - -8. Let k be v(f). What is the highest common factor of k and n?
3
Let h(t) = -t**2 + t + 33. Let u be h(0). Let q = -1 + 3. Suppose -2*f - 9 = q*a - 3*a, 4*a - 42 = 2*f. Calculate the greatest common factor of u and a.
11
Suppose -79 = -2*l - 25. Let g(t) = 2*t - 3*t + 3*t + 1. Let f be g(1). Calculate the highest common factor of l and f.
3
Suppose -n = 3*r - 13, r + 3*r + 3*n = 9. Suppose 4*c + r = c. Let p be (3/(-3))/(c/110). What is the greatest common factor of 11 and p?
11
Suppose 21 = 2*j - 39. Calculate the highest common factor of j and 6.
6
Suppose -4*d - d + 921 = 2*z, 5*z - 915 = -5*d. What is the highest common factor of d and 74?
37
Suppose 0 = -0*a + 4*a - 140. Calculate the highest common factor of a and 5.
5
Let u = -201 + 206. Let s = 4 - -6. What is the highest common divisor of s and u?
5
Let a be (2808/(-45))/((-7)/(-10) - 1). Calculate the highest common factor of a and 26.
26
Let f(d) = -3*d + 7. Let m be f(-5). Calculate the highest common factor of 154 and m.
22
Let y be 3/2 + 2/(-4). Suppose 2*s - 5 = -y. Let i be (-1 - 1)/(s/(-11)). What is the greatest common factor of i and 88?
11
Let c be ((-20)/(-16))/5*20. What is the highest common divisor of c and 2?
1
Suppose -4*m - 2*h + 208 = -4*h, -5*m + 267 = h. Let z = m + -35. Let c be (2/(-4))/((-1)/4). What is the greatest common factor of z and c?
2
Suppose -229 = 5*r + 6. Let x = -7 - r. What is the greatest common divisor of x and 100?
20
Let x be ((-2)/(-6))/(3/45). Suppose x*w = 3*w + 18. Calculate the greatest common factor of w and 9.
9
Let s(y) = y**2 - 5*y + 2. Let t be s(3). Let c be t - -3 - (0 + -6). Let l = c - -10. What is the greatest common divisor of 5 and l?
5
Let h(v) = -4*v**2 - v**2 + 2*v**2 + 0 - v**3 + 1 - v. Let f be h(-3). What is the highest common factor of 6 and f?
2
Let i = -8 + 2. Let b be (-31)/(-4) - i/(-8). What is the greatest common divisor of 77 and b?
7
Let d(a) = a**2 + 3*a - 2. Let v be d(-3). Let f be 19 - 1/(3 + v). Let j = -15 + 21. Calculate the greatest common divisor of f and j.
6
Let s = -15 - -123. Calculate the greatest common divisor of s and 12.
12
Suppose -3*c = -4*c + 15. Suppose -5*l + 70 = y, -l - y = -0*l - 10. Calculate the highest common divisor of c and l.
15
Let d(c) = c**2 - 4*c - 4. Let w be d(5). What is the greatest common factor of 7 and w?
1
Let j(x) be the third derivative of x**4/24 + 3*x**3/2 - 2*x**2. Let u be j(-4). Let k = u - 3. What is the highest common divisor of k and 18?
2
Let v(k) = k**2 + 8*k + 8. Let d be v(-8). What is the greatest common divisor of d and 48?
8
Suppose 0 = 3*o - 97 - 38. What is the greatest common factor of 9 and o?
9
Suppose 5*c - 54 = -m, -2*c + 4*m = -7*c + 66. Let f = 35 + c. What is the highest common divisor of 15 and f?
15
Suppose 51 = 3*w + 3*h, -3*w - 2*h + 47 = -7. Suppose -4*d = d - w. What is the highest common factor of 6 and d?
2
Let i be 1/(3/2)*24. Let o = 33 + 15. Calculate the greatest common divisor of i and o.
16
Let l be (((-30)/(-18))/5)/(1/9). Suppose -g - 4*g = -120. What is the highest common factor of g and l?
3
Let v = 36 + -16. Let i be (-9)/(1/(v/(-3))). Calculate the highest common divisor of 12 and i.
12
Suppose -3*f = -3 + 15, -3*f = -5*a + 387. Let p = 7 - 4. Let q be (3/(-2))/(p/(-30)). Calculate the highest common divisor of q and a.
15
Let o = 0 + 5. Let m(x) = -3 + 0*x - o*x + 2. Let p be m(-8). What is the greatest common divisor of p and 13?
13
Let h be 0 - -2*1 - 1. Let u = h - 11. Let g be ((-4)/u)/((-3)/(-330)). Calculate the highest common factor of 11 and g.
11
Suppose -3*j + 64 = 2*d, 0 = 5*j - 0*j - d - 124. Calculate the highest common factor of 8 and j.
8
Let i(z) = -z - 5. Let b be i(-11). Let g be (-2)/6 + 44/b. Let q be 90/21 - 2/g. Calculate the highest common factor of 10 and q.
2
Let t be ((-6)/2 - -4) + -1. Let o be (-2 - -1 - t) + 3. Let j(n) = 5*n**2 - 3*n. Let p be j(o). Calculate the highest common factor of 21 and p.
7
Let d(p) = p**2 - 22. Let v be d(-7). What is the highest common divisor of v and 36?
9
Let h(b) = -b**3 + 8*b**2 - 11*b. Let x be h(6). Calculate the highest common factor of x and 6.
6
Let z = 33 + -22. Let n = 252 - 175. What is the greatest common divisor of z and n?
11
Let d be -1*4*(-3 + -2). Let y be ((-12)/d)/(2/(-10)). What is the highest common divisor of y and 3?
3
Suppose 2*l - 4*z + 8 = -0*l, -3*l + 12 = 2*z. Suppose -3*g - q = -216, -l*g + 5*q = -5*g + 216. Calculate the greatest common divisor of 8 and g.
8
Suppose 0 = 3*c - 28 - 2. Let s be (c + -7)*10/3. Let u(r) = 2*r**2 + 7*r. Let n be u(-5). Calculate the greatest common factor of s and n.
5
Let u = -21 - -19. Let l be 42 + (1 - 1) + u. Calculate the highest common factor of 5 and l.
5
Let i = 6 - -1. Let k be (5/(-2))/(i/(-28)). Let j = 88 - 48. Calculate the highest common factor of k and j.
10
Let c be 0/2 + (1 - -19). Suppose -p = 5*b - 40, 5*p + 2*b + 3*b - 280 = 0. Calculate the highest common factor of p and c.
20
Suppose -1 + 26 = 5*q. Suppose -22 = q*i - 82. C